by 7577?
7446
What is the remainder when 293654 is divided by 941?
62
Calculate the remainder when 2139729 is divided by 830.
819
What is the remainder when 2124960 is divided by 3400?
3360
Calculate the remainder when 209665 is divided by 266.
57
Calculate the remainder when 32424 is divided by 6234.
1254
What is the remainder when 34725310 is divided by 15?
10
What is the remainder when 52794 is divided by 16339?
3777
Calculate the remainder when 6876831 is divided by 1146138.
3
What is the remainder when 136752 is divided by 27350?
2
What is the remainder when 3225444 is divided by 49616?
404
Calculate the remainder when 63741 is divided by 713.
284
Calculate the remainder when 4081459 is divided by 510181.
11
Calculate the remainder when 19798656 is divided by 682712.
8
Calculate the remainder when 522722 is divided by 30649.
1689
Calculate the remainder when 5233745 is divided by 157.
150
What is the remainder when 400495 is divided by 133487?
34
Calculate the remainder when 1362837 is divided by 712.
69
Calculate the remainder when 13259 is divided by 2605.
234
What is the remainder when 178218510 is divided by 11881234?
0
Calculate the remainder when 3479648 is divided by 133819.
354
What is the remainder when 409779 is divided by 31516?
71
Calculate the remainder when 4546976 is divided by 108258.
140
Calculate the remainder when 1333747 is divided by 333427.
39
What is the remainder when 537348 is divided by 76763?
7
What is the remainder when 3502856 is divided by 2754?
2522
Calculate the remainder when 56557759 is divided by 140.
139
Calculate the remainder when 61705809 is divided by 629651.
11
Calculate the remainder when 156982872 is divided by 3.
0
Calculate the remainder when 259968 is divided by 18468.
1416
What is the remainder when 88499 is divided by 3681?
155
What is the remainder when 183867 is divided by 168?
75
What is the remainder when 16205168 is divided by 65?
18
Calculate the remainder when 176506 is divided by 440.
66
Calculate the remainder when 976400 is divided by 140.
40
What is the remainder when 59178597 is divided by 260?
257
What is the remainder when 2107893 is divided by 3744?
21
Calculate the remainder when 2152512 is divided by 102.
6
What is the remainder when 5180767 is divided by 164?
7
What is the remainder when 120570177 is divided by 30?
27
What is the remainder when 6944 is divided by 3439?
66
Calculate the remainder when 4127089 is divided by 2254.
15
What is the remainder when 447930 is divided by 223950?
30
Calculate the remainder when 116288 is divided by 6785.
943
What is the remainder when 137822 is divided by 11?
3
Calculate the remainder when 500594 is divided by 406.
402
Calculate the remainder when 8288175 is divided by 1221.
27
Calculate the remainder when 353605 is divided by 2870.
595
What is the remainder when 169342 is divided by 875?
467
What is the remainder when 181354232 is divided by 36270846?
2
Calculate the remainder when 1978870 is divided by 1978620.
250
Calculate the remainder when 1014350 is divided by 144900.
50
What is the remainder when 86610829 is divided by 98?
95
What is the remainder when 32117136 is divided by 25?
11
Calculate the remainder when 289680 is divided by 12514.
1858
What is the remainder when 5838 is divided by 1680?
798
Calculate the remainder when 12764920 is divided by 127649.
20
What is the remainder when 781484 is divided by 8411?
7672
Calculate the remainder when 7005373 is divided by 1646.
1643
What is the remainder when 13233257 is divided by 118?
29
Calculate the remainder when 1961262 is divided by 2508.
6
Calculate the remainder when 68266 is divided by 34107.
52
What is the remainder when 295603 is divided by 58998?
613
Calculate the remainder when 85671 is divided by 1678.
93
Calculate the remainder when 343579 is divided by 85570.
1299
Calculate the remainder when 45594 is divided by 2054.
406
Calculate the remainder when 4215056 is divided by 812.
776
What is the remainder when 10556396 is divided by 359?
1
Calculate the remainder when 5176 is divided by 42.
10
Calculate the remainder when 6855685 is divided by 906.
889
What is the remainder when 2533299 is divided by 235?
234
What is the remainder when 240143 is divided by 240086?
57
Calculate the remainder when 6772973 is divided by 2257655.
8
Calculate the remainder when 2099942 is divided by 190857.
515
What is the remainder when 36134 is divided by 35560?
574
What is the remainder when 21296042 is divided by 27?
8
What is the remainder when 733599 is divided by 187?
185
Calculate the remainder when 385208 is divided by 4262.
1628
What is the remainder when 22722156 is divided by 2120?
2116
Calculate the remainder when 8906889 is divided by 182.
173
What is the remainder when 1350833 is divided by 12408?
10769
Calculate the remainder when 2408323 is divided by 54.
31
Calculate the remainder when 155173632 is divided by 226.
224
What is the remainder when 7000 is divided by 21?
7
What is the remainder when 92213 is divided by 11?
0
What is the remainder when 700507 is divided by 349915?
677
What is the remainder when 93336 is divided by 1896?
432
Calculate the remainder when 536471 is divided by 36.
35
Calculate the remainder when 112747057 is divided by 23.
22
Calculate the remainder when 78178 is divided by 102.
46
Calculate the remainder when 533665 is divided by 225.
190
Calculate the remainder when 79443 is divided by 26243.
714
What is the remainder when 96381122 is divided by 48190552?
18
What is the remainder when 337795 is divided by 3121?
727
Calculate the remainder when 8547413 is divided by 35.
28
Calculate the remainder when 11289360 is divided by 43.
11
What is the remainder when 446009 is divided by 6063?
3410
Calculate the remainder when 1034816 is divided by 258700.
16
Calculate the remainder when 818739 is divided by 38983.
96
Calculate the remainder when 2797126 is divided by 373.
372
Calculate the remainder when 22416644 is divided by 12.
8
Calculate the remainder when 72519 is divided by 854.
783
What is the remainder when 657665 is divided by 18790?
15
What is the remainder when 15715681 is divided by 529?
149
What is the remainder when 139081 is divided by 4636?
1
Calculate the remainder when 10407062 is divided by 743361.
8
What is the remainder when 6410812 is divided by 2389?
1125
What is the remainder when 122376 is divided by 756?
660
What is the remainder when 592127 is divided by 3013?
1579
Calculate the remainder when 47967005 is divided by 41.
39
What is the remainder when 41592248 is divided by 2189065?
13
Calculate the remainder when 59760 is divided by 13614.
5304
Calculate the remainder when 322325 is divided by 2225.
1925
What is the remainder when 30932 is divided by 10079?
695
What is the remainder when 125411269 is divided by 335?
334
Calculate the remainder when 26121570 is divided by 1391.
1372
Calculate the remainder when 559908 is divided by 454.
126
Calculate the remainder when 11796002 is divided by 73267.
15
Calculate the remainder when 73610238 is divided by 1607.
1603
Calculate the remainder when 35467397 is divided by 2554.
2553
Calculate the remainder when 2771263 is divided by 33388.
59
What is the remainder when 2059 is divided by 689?
681
What is the remainder when 1867396 is divided by 373440?
196
What is the remainder when 164804 is divided by 1917?
1859
Calculate the remainder when 108015 is divided by 35781.
672
Calculate the remainder when 236212 is divided by 11805.
112
What is the remainder when 559575 is divided by 225?
0
Calculate the remainder when 41581 is divided by 5211.
5104
Calculate the remainder when 123180973 is divided by 580.
573
Calculate the remainder when 123187 is divided by 451.
64
What is the remainder when 9950 is divided by 1409?
87
What is the remainder when 11693134 is divided by 187?
24
What is the remainder when 505433 is divided by 17?
6
Calculate the remainder when 3777 is divided by 1831.
115
What is the remainder when 71208 is divided by 35601?
6
Calculate the remainder when 516594 is divided by 2122.
948
Calculate the remainder when 6417781 is divided by 1604444.
5
Calculate the remainder when 3018915 is divided by 1006285.
60
Calculate the remainder when 213344052 is divided by 2051385.
